{"id":64,"date":"2020-11-25T20:11:57","date_gmt":"2020-11-25T19:11:57","guid":{"rendered":"https:\/\/mocducha.pl\/?page_id=64"},"modified":"2025-09-23T12:01:10","modified_gmt":"2025-09-23T10:01:10","slug":"terminy-mszy-swietych","status":"publish","type":"page","link":"https:\/\/mocducha.pl\/?page_id=64","title":{"rendered":"Terminy Mszy \u015awi\u0119tych z modlitw\u0105 o uzdrowienie i uwolnienie"},"content":{"rendered":"\n<p>Nasze najbli\u017csze modlitewne spotkania:<\/p>\n\n\n\n<p><span style=\"text-decoration: underline;\"><strong>Wrzesie\u0144:<\/strong><\/span><\/p>\n\n\n\n<p>26 wrze\u015bnia o godzinie 19:00 w parafii p.w. \u015bw. Izydora w Kielcach (Pos\u0142owice) (<strong>ks. Jaros\u0142aw)<\/strong><\/p>\n\n\n\n<p>26 wrze\u015bnia o godzinie 19.00 w parafii p.w. \u015bw. Jadwigi Kr\u00f3lowej w Kielcach (<strong>ks. Piotr)<\/strong><\/p>\n\n\n\n<p>27 wrze\u015bnia o godzinie 18:00 w parafii p.w. \u015bw. Marii Magdaleny w Koszycach (<strong>ks. Pawe\u0142)<\/strong><\/p>\n\n\n\n<p><strong><span style=\"text-decoration: underline;\">Pa\u017adziernik:<\/span><\/strong><\/p>\n\n\n\n<p>3 pa\u017adziernika o godzinie 18:00 w parafii pw. Chrystusa Kr\u00f3la w Kielcach <strong>(ks. Pawe\u0142)<\/strong><\/p>\n\n\n\n<p>17 pa\u017adziernika o godzinie 19:00 w parafii pw. \u015bw. Izydora w Kielcach (Pos\u0142owice) <strong>(ks. Jaros\u0142aw)<\/strong><\/p>\n\n\n\n<p>24 pa\u017adziernika o godzinie 19:00 w parafii \u015bw. Jadwigi Kr\u00f3lowej w Kielcach <strong>(ks. Piotr)<\/strong><\/p>\n\n\n\n<p>25 pa\u017adziernika o godzinie 18:00 w parafii p.w. \u015bw. Marii Magdaleny w Koszycach (<strong>ks. Pawe\u0142)<\/strong><\/p>\n\n\n\n<p><\/p>\n\n\n\n<p><\/p>\n\n\n\n<p><\/p>\n\n\n\n<p><\/p>\n\n\n\n<p><\/p>\n","protected":false},"excerpt":{"rendered":"<p>Nasze najbli\u017csze modlitewne spotkania: Wrzesie\u0144: 26 wrze\u015bnia o godzinie 19:00 w parafii p.w. \u015bw. Izydora w Kielcach (Pos\u0142owice) (ks. Jaros\u0142aw) 26 wrze\u015bnia o godzinie 19.00 w parafii p.w. \u015bw. Jadwigi Kr\u00f3lowej w Kielcach (ks. Piotr) 27 wrze\u015bnia o godzinie 18:00 w parafii p.w. \u015bw. Marii Magdaleny w Koszycach (ks. Pawe\u0142) Pa\u017adziernik: 3 pa\u017adziernika o godzinie 18:00 w parafii pw. Chrystusa Kr\u00f3la w Kielcach (ks. Pawe\u0142) 17 pa\u017adziernika o godzinie 19:00 w parafii pw. \u015bw. Izydora w Kielcach (Pos\u0142owice) (ks. Jaros\u0142aw) 24 pa\u017adziernika o godzinie 19:00 w parafii \u015bw. Jadwigi Kr\u00f3lowej w Kielcach (ks. Piotr) 25 pa\u017adziernika o godzinie 18:00 w parafii p.w. \u015bw. Marii Magdaleny w Koszycach (ks. Pawe\u0142)<\/p>\n","protected":false},"author":1,"featured_media":0,"parent":0,"menu_order":0,"comment_status":"closed","ping_status":"closed","template":"","meta":{"footnotes":""},"class_list":["post-64","page","type-page","status-publish","hentry"],"yoast_head":"<!-- This site is optimized with the Yoast SEO plugin v27.5 - https:\/\/yoast.com\/product\/yoast-seo-wordpress\/ -->\n<title>Terminy Mszy \u015awi\u0119tych z modlitw\u0105 o uzdrowienie i uwolnienie - mocducha.pl<\/title>\n<meta name=\"robots\" content=\"index, follow, max-snippet:-1, max-image-preview:large, max-video-preview:-1\" \/>\n<link rel=\"canonical\" href=\"https:\/\/mocducha.pl\/?page_id=64\" \/>\n<meta property=\"og:locale\" content=\"pl_PL\" \/>\n<meta property=\"og:type\" content=\"article\" \/>\n<meta property=\"og:title\" content=\"Terminy Mszy \u015awi\u0119tych z modlitw\u0105 o uzdrowienie i uwolnienie - mocducha.pl\" \/>\n<meta property=\"og:description\" content=\"Nasze najbli\u017csze modlitewne spotkania: Wrzesie\u0144: 26 wrze\u015bnia o godzinie 19:00 w parafii p.w. \u015bw. Izydora w Kielcach (Pos\u0142owice) (ks. Jaros\u0142aw) 26 wrze\u015bnia o godzinie 19.00 w parafii p.w. \u015bw. Jadwigi Kr\u00f3lowej w Kielcach (ks. Piotr) 27 wrze\u015bnia o godzinie 18:00 w parafii p.w. \u015bw. Marii Magdaleny w Koszycach (ks. Pawe\u0142) Pa\u017adziernik: 3 pa\u017adziernika o godzinie 18:00 w parafii pw. Chrystusa Kr\u00f3la w Kielcach (ks. Pawe\u0142) 17 pa\u017adziernika o godzinie 19:00 w parafii pw. \u015bw. Izydora w Kielcach (Pos\u0142owice) (ks. Jaros\u0142aw) 24 pa\u017adziernika o godzinie 19:00 w parafii \u015bw. Jadwigi Kr\u00f3lowej w Kielcach (ks. Piotr) 25 pa\u017adziernika o godzinie 18:00 w parafii p.w. \u015bw. Marii Magdaleny w Koszycach (ks. Pawe\u0142)\" \/>\n<meta property=\"og:url\" content=\"https:\/\/mocducha.pl\/?page_id=64\" \/>\n<meta property=\"og:site_name\" content=\"mocducha.pl\" \/>\n<meta property=\"article:modified_time\" content=\"2025-09-23T10:01:10+00:00\" \/>\n<meta name=\"twitter:card\" content=\"summary_large_image\" \/>\n<meta name=\"twitter:label1\" content=\"Szacowany czas czytania\" \/>\n\t<meta name=\"twitter:data1\" content=\"1 minuta\" \/>\n<script type=\"application\/ld+json\" class=\"yoast-schema-graph\">{\"@context\":\"https:\\\/\\\/schema.org\",\"@graph\":[{\"@type\":\"WebPage\",\"@id\":\"https:\\\/\\\/mocducha.pl\\\/?page_id=64\",\"url\":\"https:\\\/\\\/mocducha.pl\\\/?page_id=64\",\"name\":\"Terminy Mszy \u015awi\u0119tych z modlitw\u0105 o uzdrowienie i uwolnienie - mocducha.pl\",\"isPartOf\":{\"@id\":\"https:\\\/\\\/mocducha.pl\\\/#website\"},\"datePublished\":\"2020-11-25T19:11:57+00:00\",\"dateModified\":\"2025-09-23T10:01:10+00:00\",\"breadcrumb\":{\"@id\":\"https:\\\/\\\/mocducha.pl\\\/?page_id=64#breadcrumb\"},\"inLanguage\":\"pl-PL\",\"potentialAction\":[{\"@type\":\"ReadAction\",\"target\":[\"https:\\\/\\\/mocducha.pl\\\/?page_id=64\"]}]},{\"@type\":\"BreadcrumbList\",\"@id\":\"https:\\\/\\\/mocducha.pl\\\/?page_id=64#breadcrumb\",\"itemListElement\":[{\"@type\":\"ListItem\",\"position\":1,\"name\":\"Strona g\u0142\u00f3wna\",\"item\":\"https:\\\/\\\/mocducha.pl\\\/\"},{\"@type\":\"ListItem\",\"position\":2,\"name\":\"Terminy Mszy \u015awi\u0119tych z modlitw\u0105 o uzdrowienie i uwolnienie\"}]},{\"@type\":\"WebSite\",\"@id\":\"https:\\\/\\\/mocducha.pl\\\/#website\",\"url\":\"https:\\\/\\\/mocducha.pl\\\/\",\"name\":\"mocducha.pl\",\"description\":\"Msze \u015bwi\u0119te z modlitw\u0105 o uzdrowienie i uwolnienie\",\"publisher\":{\"@id\":\"https:\\\/\\\/mocducha.pl\\\/#organization\"},\"potentialAction\":[{\"@type\":\"SearchAction\",\"target\":{\"@type\":\"EntryPoint\",\"urlTemplate\":\"https:\\\/\\\/mocducha.pl\\\/?s={search_term_string}\"},\"query-input\":{\"@type\":\"PropertyValueSpecification\",\"valueRequired\":true,\"valueName\":\"search_term_string\"}}],\"inLanguage\":\"pl-PL\"},{\"@type\":\"Organization\",\"@id\":\"https:\\\/\\\/mocducha.pl\\\/#organization\",\"name\":\"mocducha.pl\",\"url\":\"https:\\\/\\\/mocducha.pl\\\/\",\"logo\":{\"@type\":\"ImageObject\",\"inLanguage\":\"pl-PL\",\"@id\":\"https:\\\/\\\/mocducha.pl\\\/#\\\/schema\\\/logo\\\/image\\\/\",\"url\":\"https:\\\/\\\/mocducha.pl\\\/wp-content\\\/uploads\\\/2020\\\/11\\\/cropped-DS\u0301-scaled-5.jpg\",\"contentUrl\":\"https:\\\/\\\/mocducha.pl\\\/wp-content\\\/uploads\\\/2020\\\/11\\\/cropped-DS\u0301-scaled-5.jpg\",\"width\":2000,\"height\":1200,\"caption\":\"mocducha.pl\"},\"image\":{\"@id\":\"https:\\\/\\\/mocducha.pl\\\/#\\\/schema\\\/logo\\\/image\\\/\"}}]}<\/script>\n<!-- \/ Yoast SEO plugin. -->","yoast_head_json":{"title":"Terminy Mszy \u015awi\u0119tych z modlitw\u0105 o uzdrowienie i uwolnienie - mocducha.pl","robots":{"index":"index","follow":"follow","max-snippet":"max-snippet:-1","max-image-preview":"max-image-preview:large","max-video-preview":"max-video-preview:-1"},"canonical":"https:\/\/mocducha.pl\/?page_id=64","og_locale":"pl_PL","og_type":"article","og_title":"Terminy Mszy \u015awi\u0119tych z modlitw\u0105 o uzdrowienie i uwolnienie - mocducha.pl","og_description":"Nasze najbli\u017csze modlitewne spotkania: Wrzesie\u0144: 26 wrze\u015bnia o godzinie 19:00 w parafii p.w. \u015bw. Izydora w Kielcach (Pos\u0142owice) (ks. Jaros\u0142aw) 26 wrze\u015bnia o godzinie 19.00 w parafii p.w. \u015bw. Jadwigi Kr\u00f3lowej w Kielcach (ks. Piotr) 27 wrze\u015bnia o godzinie 18:00 w parafii p.w. \u015bw. Marii Magdaleny w Koszycach (ks. Pawe\u0142) Pa\u017adziernik: 3 pa\u017adziernika o godzinie 18:00 w parafii pw. Chrystusa Kr\u00f3la w Kielcach (ks. Pawe\u0142) 17 pa\u017adziernika o godzinie 19:00 w parafii pw. \u015bw. Izydora w Kielcach (Pos\u0142owice) (ks. Jaros\u0142aw) 24 pa\u017adziernika o godzinie 19:00 w parafii \u015bw. Jadwigi Kr\u00f3lowej w Kielcach (ks. Piotr) 25 pa\u017adziernika o godzinie 18:00 w parafii p.w. \u015bw. Marii Magdaleny w Koszycach (ks. Pawe\u0142)","og_url":"https:\/\/mocducha.pl\/?page_id=64","og_site_name":"mocducha.pl","article_modified_time":"2025-09-23T10:01:10+00:00","twitter_card":"summary_large_image","twitter_misc":{"Szacowany czas czytania":"1 minuta"},"schema":{"@context":"https:\/\/schema.org","@graph":[{"@type":"WebPage","@id":"https:\/\/mocducha.pl\/?page_id=64","url":"https:\/\/mocducha.pl\/?page_id=64","name":"Terminy Mszy \u015awi\u0119tych z modlitw\u0105 o uzdrowienie i uwolnienie - mocducha.pl","isPartOf":{"@id":"https:\/\/mocducha.pl\/#website"},"datePublished":"2020-11-25T19:11:57+00:00","dateModified":"2025-09-23T10:01:10+00:00","breadcrumb":{"@id":"https:\/\/mocducha.pl\/?page_id=64#breadcrumb"},"inLanguage":"pl-PL","potentialAction":[{"@type":"ReadAction","target":["https:\/\/mocducha.pl\/?page_id=64"]}]},{"@type":"BreadcrumbList","@id":"https:\/\/mocducha.pl\/?page_id=64#breadcrumb","itemListElement":[{"@type":"ListItem","position":1,"name":"Strona g\u0142\u00f3wna","item":"https:\/\/mocducha.pl\/"},{"@type":"ListItem","position":2,"name":"Terminy Mszy \u015awi\u0119tych z modlitw\u0105 o uzdrowienie i uwolnienie"}]},{"@type":"WebSite","@id":"https:\/\/mocducha.pl\/#website","url":"https:\/\/mocducha.pl\/","name":"mocducha.pl","description":"Msze \u015bwi\u0119te z modlitw\u0105 o uzdrowienie i uwolnienie","publisher":{"@id":"https:\/\/mocducha.pl\/#organization"},"potentialAction":[{"@type":"SearchAction","target":{"@type":"EntryPoint","urlTemplate":"https:\/\/mocducha.pl\/?s={search_term_string}"},"query-input":{"@type":"PropertyValueSpecification","valueRequired":true,"valueName":"search_term_string"}}],"inLanguage":"pl-PL"},{"@type":"Organization","@id":"https:\/\/mocducha.pl\/#organization","name":"mocducha.pl","url":"https:\/\/mocducha.pl\/","logo":{"@type":"ImageObject","inLanguage":"pl-PL","@id":"https:\/\/mocducha.pl\/#\/schema\/logo\/image\/","url":"https:\/\/mocducha.pl\/wp-content\/uploads\/2020\/11\/cropped-DS\u0301-scaled-5.jpg","contentUrl":"https:\/\/mocducha.pl\/wp-content\/uploads\/2020\/11\/cropped-DS\u0301-scaled-5.jpg","width":2000,"height":1200,"caption":"mocducha.pl"},"image":{"@id":"https:\/\/mocducha.pl\/#\/schema\/logo\/image\/"}}]}},"_links":{"self":[{"href":"https:\/\/mocducha.pl\/index.php?rest_route=\/wp\/v2\/pages\/64","targetHints":{"allow":["GET"]}}],"collection":[{"href":"https:\/\/mocducha.pl\/index.php?rest_route=\/wp\/v2\/pages"}],"about":[{"href":"https:\/\/mocducha.pl\/index.php?rest_route=\/wp\/v2\/types\/page"}],"author":[{"embeddable":true,"href":"https:\/\/mocducha.pl\/index.php?rest_route=\/wp\/v2\/users\/1"}],"replies":[{"embeddable":true,"href":"https:\/\/mocducha.pl\/index.php?rest_route=%2Fwp%2Fv2%2Fcomments&post=64"}],"version-history":[{"count":13,"href":"https:\/\/mocducha.pl\/index.php?rest_route=\/wp\/v2\/pages\/64\/revisions"}],"predecessor-version":[{"id":104,"href":"https:\/\/mocducha.pl\/index.php?rest_route=\/wp\/v2\/pages\/64\/revisions\/104"}],"wp:attachment":[{"href":"https:\/\/mocducha.pl\/index.php?rest_route=%2Fwp%2Fv2%2Fmedia&parent=64"}],"curies":[{"name":"wp","href":"https:\/\/api.w.org\/{rel}","templated":true}]}}